= -d**2 + 3*d - 10. Determine i(u).
-80
Let j(s) = -97*s + 290. Suppose -o - 89*y = -88*y + 2, y = -4*o + 7. Calculate j(o).
-1
Let a(t) be the first derivative of t**7/840 + t**6/40 - 3*t**5/40 + t**4/2 - 4*t**3/3 - 13*t + 112. Let s(b) be the third derivative of a(b). What is s(-10)?
2
Let r(u) = -u**3 + u**2 - 2*u**2 - 46 - 4*u**2 + 15*u**2 + 69 - 10*u. Give r(9).
14
Let d(q) be the third derivative of q**4/8 + 13*q**3/6 + q**2 + 522. What is d(0)?
13
Let j(c) = -8387*c + c**3 + 4199*c + 4190*c + 24 + 12*c**2. Calculate j(-12).
0
Let q(m) = m**2 + m. Let u(t) = 9*t**2 + 8*t. Let x be (1 + -10)*(-2)/(-3). Let z(h) = x*q(h) + u(h). Let p be 4/8*(-7 + -3) - -3. Determine z(p).
8
Let z(u) = -9*u**2 + u - 1. Let j(q) = 26*q - 19*q**2 - 3 + 0*q**3 - 2*q**3 - 18*q - 16*q + 13. Let i = -1 - 8. Let o be j(i). What is z(o)?
-9
Let m(i) = -64*i**3 + 8*i**2 + 49*i - 13. Let p(x) = -16*x**3 + 2*x**2 + 11*x - 3. Let r(f) = 2*m(f) - 9*p(f). Determine r(-1).
-16
Let b(n) = n**2 + 4*n - 7. Let q be b(-6). Suppose m + 14 = 3*g, -q*m = -m + 8. Let d(i) = 0*i + 6*i - i**2 + i - g. What is d(8)?
-12
Let j(h) = -h**3 - 43*h**2 - 249*h + 4. Let d be j(-7). Let p(t) = -2*t**3 - 35*t**2 - 18*t - 16. What is p(d)?
1
Let o(s) be the first derivative of s**4/2 + 23*s**3/3 + 31*s**2/2 + 12*s + 105. Determine o(-10).
2
Let q(g) = -6*g**2 + 152. Let k(u) = 7*u**2 - 2*u - 187. Let b(j) = 5*k(j) + 6*q(j). What is b(-9)?
-14
Suppose -8*y + 14*y = 12. Let v(m) = -45 + 8 + 25 + 20*m**2 + 9*m - 21*m**y. Determine v(8).
-4
Suppose -2*r + 465 = -161. Let p(g) = 6*g + 159*g**2 - 3*g + 2 + 156*g**2 - r*g**2. Calculate p(-5).
37
Let w be (2/3 + -1)*9. Let p(l) = l**2 + 5*l - 3. Let v(h) = -h. Let k(o) = w*v(o) - p(o). Let s(z) = -z**2 - 5*z - 4. Let b be s(-5). Determine k(b).
-5
Let w be 520/90 - (-2)/9. Let l(o) = -8*o**3 - 3*o**2 - 8*o + 3. Let d(q) = -q**3 - q**2 - q. Let k(h) = w*d(h) - l(h). Determine k(2).
5
Suppose -101*i - 92*i = -34*i - 954. Let y(c) = c**3 - 4*c**2 - 9*c + 6. Calculate y(i).
24
Let j(h) = -h**3 - 17*h - 20*h**2 + 10210 - 20399 + 0*h**3 + 10218. What is j(-19)?
-9
Let n(v) = v**2 + 23*v - 48. Suppose 10*g - 15*g + u - 123 = 0, 115 = -5*g + 5*u. Let x be n(g). Let b(m) = 7*m**2 - 2*m + 2. Give b(x).
26
Suppose 0 = -4*i + 41 + 343. Suppose -6*q + i = 12. Suppose 5*d + 41 = -3*j, -5*j - q - 3 = d. Let f(y) = 2*y + 6. What is f(d)?
-8
Let y = 1 - -4. Let l(v) = -v**3 + 3*v. Let m(s) = -s**2 + s. Suppose -i + 3 = -3. Let a(p) = i*m(p) - l(p). Give a(y).
-10
Let k(m) = 2*m**2 + 4*m - 4. Suppose 5*d + 1 = -2*n - 0, -3*n - 8 = d. Give k(d).
2
Let c(g) be the first derivative of -g**4 - g**3/3 + g**2 - g + 36. Let o = -911 - -912. Calculate c(o).
-4
Let m = -176 + 178. Let y(w) = w**m + w - 16 - 6 + 33. Calculate y(0).
11
Let a be 2/(-14)*(-85 + 162). Let z(s) = -9*s - 106. Calculate z(a).
-7
Let f(w) = -w**3 - 9*w**2 + 11*w + 9. Suppose 33*q - 29*q - 20 = 0. Suppose -q*y + 2*g = 50, -4*y = 3*g - 19 + 59. What is f(y)?
-1
Let r(m) be the second derivative of -m**4/12 + 5*m**3/2 - 5*m**2/2 + 2426*m - 4. Let q = 30 - 15. Calculate r(q).
-5
Let l(u) = -25*u + 9. Let p be l(5). Let b = p - -120. Let i(m) be the second derivative of m**5/20 - 5*m**4/12 + 2*m**3/3 - 3*m**2 + 13*m. Give i(b).
-6
Suppose -39 = 88*z - 127. Let m(c) = -9*c**2 + 2*c - 2. What is m(z)?
-9
Let b = 55 + -3. Let a = b - 45. Suppose 0 = 11*p + a*p - 18. Let j(f) = -f. Give j(p).
-1
Let r(t) = 34*t + 22*t - 15 - 54*t. Calculate r(4).
-7
Let p(b) = -b - 22 - 21 + 7 + 0. Give p(-16).
-20
Let r(q) = q**3 + 10*q**2 - 2*q - 18. Let a be 30*(12 + 37/(-3)). What is r(a)?
2
Suppose -5*b + 6 = 4*z, -b - 2*b + 9 = -3*z. Let k(m) = 12*m - 93. Let i(f) = -6*f + 43. Let p(u) = -13*i(u) - 6*k(u). Calculate p(b).
11
Let w = 132 + -141. Let m(k) = 13*k + 19*k - 16 - 34*k. What is m(w)?
2
Let j = -608 - -608. Suppose j = -42*q + 48*q + 18. Let w(h) = -7*h**2 + 11*h + 17. Let s(b) = 3*b**2 - 5*b - 8. Let k(z) = -9*s(z) - 4*w(z). Give k(q).
10
Let y be (-6)/4*(-20)/(-30). Suppose 5*z = 5 - 0. Let n(d) = -28*d**2 + 64*d**2 + z + d - 31*d**2. Give n(y).
5
Let u(n) be the first derivative of n**5/60 + n**4/24 + n**3/6 + 3*n**2/2 + 2*n + 67. Let f(p) be the second derivative of u(p). Calculate f(3).
13
Let c(x) be the first derivative of x**3/3 - 9*x**2/2 + x - 826. Calculate c(10).
11
Let r(u) = u**3 + 5*u**2 - 36*u - 18. Let s be r(4). Let o(c) = -c**2 - 19*c + 2. Calculate o(s).
20
Suppose -74 = -2*t + 26. Suppose -4*z - t = 6*z. Let m(l) = -l**2 - 5*l + 6. Calculate m(z).
6
Let g(s) be the first derivative of -s**3/3 + 19*s**2/2 + 56*s + 8431. What is g(25)?
-94
Let j(x) be the third derivative of x**6/120 + 7*x**5/60 - 5*x**4/12 - 3*x**3/2 - 21*x**2. Suppose -3*v = 5*d - 7*v + 36, 5*d = -4*v - 44. What is j(d)?
7
Let a(v) = -2*v**3 + 20*v**2 - 39*v - 127. Let k(i) = i**3 - 20*i**2 + 35*i + 128. Let o(x) = 2*a(x) + 3*k(x). Calculate o(-21).
4
Let f(a) = -3*a + 7 + 1 - 79. What is f(-25)?
4
Let x(u) = u**2 - 7*u + 7. Suppose 4*a - 5*w + 2*w = -55, 0 = 5*a + 3*w + 89. Let d = a - -42. Let c be 30/(-20) - (d/(-4))/1. What is x(c)?
-3
Let x(c) = 16*c - 6*c**2 + 97*c - 116*c + c**3 + 13. Determine x(6).
-5
Let r(g) be the first derivative of -2*g**3/3 + 11*g**2/2 - 6*g - 919. Give r(7).
-27
Let g(u) be the third derivative of u**5/60 - 3*u**4/8 - u**2 - 238*u. Suppose 16*r - 6*r = 110. What is g(r)?
22
Let z = 1235291/1320 + -10294/11. Let b(s) be the third derivative of 0*s**5 - s**2 + 1 + 3/2*s**3 + 0*s - 1/24*s**4 + z*s**6. Determine b(0).
9
Let q = 479 - 473. Let r(v) be the first derivative of -v**5/60 + 7*v**4/24 - 3*v**2 + 7. Let g(s) be the second derivative of r(s). What is g(q)?
6
Let f(c) = c**3 - c - 1. Let q be f(2). Let g(m) = 4*m**2 - 291 + q*m**2 + 12*m - 7*m**3 + 6*m**3 + 276. Give g(10).
5
Let c(p) be the second derivative of 0 - 71*p - 1/12*p**4 + 9/10*p**5 + 0*p**3 + 0*p**2. Determine c(-1).
-19
Let a(q) = 3*q**2 + q - 2. Let f(n) = -2*n**2 + 32 - n + 0*n**2 - 8. Let g be f(0). Let l be 1/(-2) - 7*g/112. Calculate a(l).
8
Let c(l) be the second derivative of -5*l**3/6 - 12*l**2 - 1097*l - 1. Calculate c(-12).
36
Let f(d) = 7*d**3 - 5*d**2 + 44*d + 6. Let r(p) = p**3 - p**2 - 2*p + 1. Let u(z) = f(z) - 6*r(z). Let x(k) be the second derivative of u(k). Determine x(-6).
-34
Let t(f) = -2*f + 151. Let g(b) = 38. Let h(u) = -4*g(u) + t(u). Let w be (-1)/(1/(-3 + 2)). Give h(w).
-3
Let p = 1865 + -1856. Let k(t) be the third derivative of -t**6/120 + t**5/6 - 7*t**4/24 - 3*t**3 - 30*t**2 + 2*t. Calculate k(p).
0
Let c(v) = -25 - 25 + 23*v + 84 - 33. Let i(m) be the second derivative of -m**4/12 + 7*m**3/6 - 7*m**2/2 + 3*m. Let g be i(6). Calculate c(g).
-22
Let y(l) = 65 - 2*l - 26 - 23 - 22. Suppose -d + 4*d - 15 = 0. Suppose m + f - d = 0, -5*m = -4*m + 2*f - 4. Calculate y(m).
-18
Let z(w) = 8*w**2 + w + 1. Let s = 8498 + -8499. What is z(s)?
8
Let y(h) = 15*h - 249. Let o(a) = -17*a + 289. Let w(p) = -6*o(p) - 7*y(p). Calculate w(-10).
39
Let t(n) = -25329*n**3 + 16*n**2 + 20 - 24*n + 7*n + 25328*n**3. What is t(15)?
-10
Let n(b) = b**3 + 2*b**2 - 11*b + 8. Let l be 2*(34*(-5)/20 - -6). Let a be n(l). Let h(f) = -f**2 - 14*f - 17. What is h(a)?
7
Suppose 8*s - 12 = 2*s. Let f be (-4)/2 - (2 + -8 + s). Let w be (-6 - -4) + 1 - f. Let v(j) = -j**3 - 5*j**2 - 4*j - 1. Give v(w).
-7
Let r(k) = k**2 + 8*k + 15. Let p be (1 + 15/(-6))*4 - 20. Let o(d) = -2*d**3 - 52*d**2 - 6. Let s be o(p). Determine r(s).
3
Suppose 10 = 5*y, -y - 8 = -3*l - 2*y. Let k = 1032 + -942. Let i(u) = u**2 + 33*u + 54*u - k*u. Determine i(l).
-2
Let z = -1551 - -1553. Let c(o) = 5*o**2 + 4*o - 5. Give c(z).
23
Let u = -178 + 186. Suppose 25*p - 29*p = -u. Let k(n) = n**3 + n**2 - n + 2. What is k(p)?
12
Suppose -6*o = 3 - 21. Let z(t) be the third derivative of -t**4/24 + t**3/2 - 6*t**2 + 2. What is z(o)?
0
Let x(p) = p**2 - 3*p - 4. Let c(r) = -r + 1. Let b(m) = -3*c(m) + x(m). Let a(k) = -2*k**2 + 23*k - 69. Let f be a(7). Give b(f).
29
Let k(i) be the second derivative of i**4/12 + 13*i**3/3 + 17*i**2 - 7377*i. Calculate k(-25).
9
Let k(q) = 5*q - 5. Let g(t) = t**3 - 19*t**2 + 88*t - 48. Let s be g(12). Calculate k(s).
-5
Let t(d) = -d**3 + 5*d**2 - 2*d - 2. Let v be t(3). Let z = v + 1. Let o(p) = -41 - 36 + p + 123 - 58